base 7) to base 16
-fb
Convert -4 (base 15) to base 7.
-4
22 (base 9) to base 4
110
-1e (base 16) to base 15
-20
-23 (base 6) to base 12
-13
What is 12 (base 8) in base 11?
a
107 (base 8) to base 10
71
Convert -183 (base 12) to base 16.
-f3
Convert 63 (base 9) to base 6.
133
What is 1011011 (base 2) in base 14?
67
What is 167 (base 12) in base 4?
3133
Convert 112 (base 11) to base 12.
b2
Convert -110 (base 4) to base 7.
-26
What is 65 (base 8) in base 4?
311
-14 (base 11) to base 14
-11
0 (base 2) to base 5
0
-4 (base 16) to base 13
-4
-49 (base 14) to base 5
-230
What is 9 (base 11) in base 8?
11
What is -50 (base 7) in base 15?
-25
12 (base 3) to base 4
11
0 (base 10) to base 13
0
-2110 (base 4) to base 16
-94
Convert -3101 (base 4) to base 2.
-11010001
-331 (base 9) to base 12
-1a7
What is 100 (base 2) in base 8?
4
What is 4e (base 16) in base 13?
60
Convert -43 (base 6) to base 13.
-21
4 (base 10) to base 15
4
What is 17 (base 16) in base 2?
10111
What is -2 (base 16) in base 5?
-2
What is -21 (base 9) in base 16?
-13
Convert -1201 (base 4) to base 2.
-1100001
Convert -31 (base 5) to base 7.
-22
0 (base 3) to base 15
0
-4 (base 8) to base 16
-4
35 (base 13) to base 15
2e
What is -76 (base 15) in base 16?
-6f
Convert 21 (base 3) to base 6.
11
What is 44 (base 7) in base 4?
200
Convert -3 (base 12) to base 7.
-3
What is -18 (base 13) in base 12?
-19
4 (base 9) to base 6
4
What is -5 (base 13) in base 14?
-5
Convert -3 (base 12) to base 7.
-3
Convert 2 (base 12) to base 16.
2
-3 (base 11) to base 2
-11
71 (base 13) to base 7
161
-121 (base 4) to base 13
-1c
What is -10 (base 3) in base 2?
-11
What is 1c (base 13) in base 8?
31
What is a5 (base 11) in base 10?
115
What is -10 (base 4) in base 5?
-4
Convert 32 (base 5) to base 15.
12
Convert 140 (base 7) to base 15.
52
What is 44 (base 5) in base 13?
1b
What is 1 (base 5) in base 13?
1
What is 30 (base 4) in base 3?
110
What is 34 (base 8) in base 4?
130
Convert -120 (base 3) to base 4.
-33
What is 3 (base 8) in base 13?
3
11100 (base 2) to base 4
130
Convert 94 (base 10) to base 12.
7a
What is -8 (base 13) in base 6?
-12
-2 (base 13) to base 5
-2
1 (base 6) to base 13
1
Convert 100 (base 3) to base 8.
11
7 (base 16) to base 3
21
Convert 5 (base 15) to base 16.
5
-101 (base 2) to base 6
-5
What is -14 (base 14) in base 9?
-20
-5 (base 11) to base 5
-10
2 (base 12) to base 16
2
1 (base 12) to base 14
1
What is -1 (base 10) in base 15?
-1
Convert -10 (base 4) to base 14.
-4
-1 (base 8) to base 9
-1
Convert -12000 (base 3) to base 4.
-2013
Convert 6 (base 8) to base 12.
6
Convert -8 (base 13) to base 11.
-8
4 (base 12) to base 15
4
-2 (base 16) to base 14
-2
Convert 0 (base 14) to base 2.
0
9 (base 16) to base 2
1001
-11 (base 16) to base 15
-12
3 (base 9) to base 16
3
-3 (base 9) to base 15
-3
405 (base 8) to base 15
126
Convert 7 (base 10) to base 2.
111
-12b (base 13) to base 4
-3032
41 (base 8) to base 7
45
What is 12 (base 10) in base 9?
13
-100 (base 2) to base 4
-10
Convert -2 (base 9) to base 4.
-2
What is -14 (base 9) in base 4?
-31
Convert 5 (base 6) to base 12.
5
What is ec (base 16) in base 13?
152
Convert 4 (base 10) to base 7.
4
34 (base 10) to base 8
42
-b9 (base 14) to base 11
-139
-8 (base 12) to base 3
-22
What is 3 (base 4) in base 9?
3
7 (base 12) to base 13
7
Convert -163 (base 15) to base 13.
-1b6
-16 (base 15) to base 12
-19
-26 (base 11) to base 4
-130
-1 (base 10) to base 13
-1
-14 (base 10) to base 9
-15
103 (base 6) to base 12
33
Convert -63 (base 15) to base 10.
-93
Convert -10 (base 3) to base 10.
-3
-10 (base 14) to base 8
-16
1b (base 16) to base 8
33
-5 (base 8) to base 12
-5
Convert 110 (base 2) to base 11.
6
What is -60 (base 11) in base 12?
-56
What is -a (base 15) in base 16?
-a
Convert -31 (base 6) to base 12.
-17
What is -200 (base 4) in base 12?
-28
Convert -20 (base 7) to base 8.
-16
What is -8 (base 10) in base 14?
-8
Convert 11 (base 7) to base 5.
13
What is -5 (base 6) in base 4?
-11
What is -11 (base 2) in base 8?
-3
-11 (base 3) to base 6
-4
What is 121 (base 4) in base 14?
1b
Convert -1234 (base 6) to base 2.
-100110110
Convert 60 (base 11) to base 3.
2110
20 (base 3) to base 6
10
-7 (base 8) to base 5
-12
What is -211 (base 10) in base 8?
-323
Convert 211 (base 9) to base 11.
147
Convert -1 (base 7) to base 16.
-1
What is 101101 (base 2) in base 8?
55
What is 6 (base 14) in base 9?
6
Convert a4 (base 12) to base 9.
147
470 (base 9) to base 4
12003
Convert -3 (base 6) to base 5.
-3
-12 (base 13) to base 2
-1111
Convert -8 (base 14) to base 12.
-8
What is -3 (base 7) in base 13?
-3
Convert 1012 (base 3) to base 12.
28
What is -112 (base 8) in base 15?
-4e
Convert 430 (base 5) to base 15.
7a
Convert -1 (base 10) to base 12.
-1
What is c1 (base 15) in base 9?
221
Convert -15 (base 16) to base 7.
-30
100 (base 2) to base 11
4
What is -233 (base 5) in base 16?
-44
Convert -36 (base 9) to base 14.
-25
What is 3b (base 13) in base 9?
55
102 (base 4) to base 6
30
Convert b (base 16) to base 12.
b
35 (base 13) to base 6
112
15 (base 10) to base 3
120
What is -233 (base 7) in base 15?
-82
-3 (base 5) to base 6
-3
-51 (base 9) to base 4
-232
Convert -2 (base 12) to base 5.
-2
Convert 0 (base 4) to base 8.
0
-100 (base 2) to base 14
-4
What is 3 (base 9) in base 6?
3
-1 (base 5) to base 6
-1
-16 (base 15) to base 7
-30
-37 (base 10) to base 4
-211
What is 4 (base 9) in base 5?
4
5 (base 10) to base 14
5
Convert 17 (base 8) to base 5.
30
Convert -111 (base 8) to base 10.
-73
What is -85 (base 10) in base 5?
-320
What is -11 (base 4) in base 7?
-5
What is 0 (base 7) in base 5?
0
-2033 (base 4) to base 13
-b0
-2 (base 8) to base 2
-10
0 (base 12) to base 7
0
1 (base 4) to base 16
1
What is 39 (base 10) in base 8?
47
Convert 2 (base 14) to base 2.
10
What is 53 (base 14) in base 9?
81
-6 (base 12) to base 5
-11
Convert 2022 (base 3) to base 14.
46
Convert 3 (base 14) to base 13.
3
What is -5 (base 8) in base 15?
-5
What is 4 (base 6) in base 5?
4
-3 (base 4) to base 14
-3
4 (base 5) to base 10
4
Convert 1 (base 4) to base 15.
1
What is -51 (base 7) in base 4?
-210
What is -5 (base 16) in base 6?
-5
What is -44 (base 10) in base 2?
-101100
Convert 1 (base 13) to base 15.
1
Convert -22 (base 16) to base 3.
-1021
-206 (base 9) to base 10
-168
-6 (base 10) to base 9
-6
Convert 1 (base 8) to base 15.
1
Convert -31 (base 10) to base 8.
-37
What is -c (base 14) in base 6?
-20
Convert 202 (base 8) to base 15.
8a
What is -2 (base 5) in base 13?
-2
What is 10a (base 11) in base 10?
131
Convert -1210 (base 3) to base 7.
-66
What is 25 (base 6) in base 7?
23
Convert 15 (base 7) to base 10.
12
47 (base 11) to base 10
51
5 (base 7) to base 9
5
1 (base 2) to base 6
1
What is -112 (base 3) in base 2?
-1110
Convert -90 (base 14) to base 8.
-176
What is 1 (base 8) in base 2?
1
6 (base 12) to base 8
6
1 (base 7) to base 14
1
What is -25 (base 11) in base 8?
-33
Convert 12022 (base 3) to base 15.
98
Convert 3 (base 15) to base 5.
3
Convert 6 (base 14) to base 16.
6
4 (base 8) to base 9
4
What is 43 (base 11) in base 14?
35
Convert -156 (base 7) to base 15.
-60
3d (base 15) to base 13
46
-4 (base 7) to base 13
-4
Convert 10010 (base 2) to base 3.
200
What is -1a (base 16) in base 8?
-32
c (base 15) to base 11
11
1 (base 2) to base 13
1
Convert -12 (base 5) to base 8.
-7
100110 (base 3) to base 16
ff
-10 (base 3) to base 5
-3
Convert -1020 (base 3) to base 6.
-53
What is 4 (base 14) in base 5?
4
What is -79 (base 13) in base 7?
-202
61 (base 15) to base 13
70
What is -4 (base 10) in base 2?
-100
What is b (base 12) in base 11?
10
Convert 110 (base 6) to base 11.
39
1022 (base 3) to base 11
32
-10 (base 2) to base 9
-2
What is 13 (base 13) in base 7?
22
Convert 16 (base 7) to base 10.
13
What is 21 (base 3) in base 5?
12
What is -36 (base 7) in base 3?
-1000
Convert 2021 (base 3) to base 13.
49
-222 (base 4) to base 12
-36
Convert 80 (base 14) to base 6.
304
-26 (base 11) to base 16
-1c
Convert -1 (base 2) to base 7.
-1
What is 10 (base 13) in base 5?
23
What is 0 (base 3) in base 14?
0
Convert 6 (base 12) to base 11.
6
What is 34 (base 5) in base 8?
23
4d (base 14) to base 2
1000101
Convert -1c (base 14) to base 9.
-28
What is -12 (base 5) in base 4?
-13
Convert -15 (base 13) to base 